{"id":5479,"date":"2025-08-22T09:41:47","date_gmt":"2025-08-22T07:41:47","guid":{"rendered":"https:\/\/srab.brussels\/acfhab\/?page_id=5479"},"modified":"2026-04-08T16:39:03","modified_gmt":"2026-04-08T14:39:03","slug":"programme","status":"publish","type":"page","link":"https:\/\/acfhab.be\/?page_id=5479","title":{"rendered":"Programme"},"content":{"rendered":"<div class=\"fusion-fullwidth fullwidth-box fusion-builder-row-1 fusion-flex-container nonhundred-percent-fullwidth non-hundred-percent-height-scrolling\" style=\"--awb-border-radius-top-left:0px;--awb-border-radius-top-right:0px;--awb-border-radius-bottom-right:0px;--awb-border-radius-bottom-left:0px;--awb-flex-wrap:wrap;\" ><div class=\"fusion-builder-row fusion-row fusion-flex-align-items-flex-start fusion-flex-content-wrap\" style=\"max-width:1216.8px;margin-left: calc(-4% \/ 2 );margin-right: calc(-4% \/ 2 );\"><div class=\"fusion-layout-column fusion_builder_column fusion-builder-column-0 fusion_builder_column_1_1 1_1 fusion-flex-column\" style=\"--awb-bg-blend:overlay;--awb-bg-size:cover;--awb-width-large:100%;--awb-margin-top-large:0px;--awb-spacing-right-large:1.92%;--awb-margin-bottom-large:0px;--awb-spacing-left-large:1.92%;--awb-width-medium:100%;--awb-spacing-right-medium:1.92%;--awb-spacing-left-medium:1.92%;--awb-width-small:100%;--awb-spacing-right-small:1.92%;--awb-spacing-left-small:1.92%;\"><div class=\"fusion-column-wrapper fusion-flex-justify-content-flex-start fusion-content-layout-column\"><div class=\"fusion-text fusion-text-1\" style=\"--awb-text-color:var(--awb-color8);\"><p>Le <strong><em>Congr\u00e8s de Bruxelles 2026<\/em><\/strong> se d\u00e9roulera <b style=\"color: var(--awb-color4);\">du jeudi 20 au dimanche 23 ao\u00fbt 2026, \u00e0 l&#8217;Acad\u00e9mie royale de Belgique<\/b>. La s\u00e9ance inaugurale aura lieu dans la grande salle Albert II du palais des Acad\u00e9mies.<\/p>\n<p><span style=\"color: var(--awb-color4);\"><b>Les journ\u00e9es d&#8217;\u00e9tude<\/b><\/span> se tiendront dans le b\u00e2timent des anciennes \u00e9curies. Les salles des conf\u00e9rences sont dispos\u00e9es autour d&#8217;un patio o\u00f9 seront install\u00e9s l&#8217;accueil aux participants, la pause caf\u00e9 et la vente des publications patrimoniales. Les journ\u00e9es d&#8217;\u00e9tude sont r\u00e9parties en quatre tranches horaires : 9h00 &#8211; 10h30 et 11h00 &#8211; 12h30 \/ 14h00 &#8211; 15h30 et 16h00 &#8211; 17h30. Trois communications par tranche horaire totaliseront six communications par demi-journ\u00e9e, avec des pauses-caf\u00e9s de trente minutes entre elles. Apr\u00e8s chaque communication d&#8217;une dur\u00e9e de vingt minutes, les participants pourront \u00e9changer pendant dix minutes. Le programme des communications sera \u00e9tabli vers la mi-mai.<\/p>\n<p><span style=\"color: var(--awb-color4);\"><b>Des activit\u00e9s culturelles<\/b><\/span> gratuites et\/ou payantes seront propos\u00e9es en parall\u00e8le des s\u00e9ances d&#8217;\u00e9tudes, l&#8217;apr\u00e8s-midi du vendredi 21 et du samedi 22 ao\u00fbt. D&#8217;autres animeront la soir\u00e9e du jeudi et du vendredi ainsi que le dimanche 23 ao\u00fbt. Le programme et les modalit\u00e9s d&#8217;inscription seront pr\u00e9cis\u00e9s ult\u00e9rieurement.<\/p>\n<\/div>\n<div class=\"table-1\" style=\"--awb-margin-top:50px;--awb-margin-right:1px;--awb-margin-bottom:1px;--awb-margin-left:2px;\">\n<table style=\"height: 207px;\" width=\"1166\">\n<thead>\n<tr>\n<th style=\"text-align: center;\" align=\"left\">DATES<\/th>\n<th style=\"text-align: center;\" align=\"left\">MATIN\u00c9E 9h00 &#8211; 12h00<\/th>\n<th style=\"text-align: center;\" align=\"left\">APR\u00c8S-MIDI 14h00 &#8211; 18h00<\/th>\n<th style=\"text-align: center;\" align=\"left\">SOIR\u00c9E<\/th>\n<\/tr>\n<\/thead>\n<tbody>\n<tr>\n<td align=\"left\">Jeudi 20<\/td>\n<td style=\"text-align: center;\" align=\"left\">Accueil des congressistes &#8211; S\u00e9ance inaugurale<\/td>\n<td style=\"text-align: center;\" align=\"left\">S\u00e9ances de travail<\/td>\n<td style=\"text-align: center;\" align=\"left\">Activit\u00e9s culturelles<\/td>\n<\/tr>\n<tr>\n<td align=\"left\">Vendredi 21<\/td>\n<td style=\"text-align: center;\" align=\"left\">S\u00e9ances de travail<\/td>\n<td style=\"text-align: center;\" align=\"left\">S\u00e9ances de travail &#8211; Activit\u00e9s culturelles<\/td>\n<td style=\"text-align: center;\" align=\"left\">Activit\u00e9s culturelles<\/td>\n<\/tr>\n<tr>\n<td align=\"left\">Samedi 22<\/td>\n<td style=\"text-align: center;\" align=\"left\">S\u00e9ances de travail<\/td>\n<td style=\"text-align: center;\" align=\"left\">S\u00e9ance de cl\u00f4ture &#8211; Activit\u00e9s culturelles<\/td>\n<td style=\"text-align: center;\" align=\"left\">Banquet de cl\u00f4ture<\/td>\n<\/tr>\n<tr>\n<td align=\"left\">Dimanche 23<\/td>\n<td style=\"text-align: center;\" align=\"left\">Journ\u00e9e culturelle<\/td>\n<td style=\"text-align: center;\" align=\"left\">Journ\u00e9e culturelle<\/td>\n<td align=\"left\">&nbsp;<\/td>\n<\/tr>\n<\/tbody>\n<\/table>\n<\/div>\n<\/div><\/div><\/div><\/div>\n","protected":false},"excerpt":{"rendered":"","protected":false},"author":1,"featured_media":5938,"parent":0,"menu_order":0,"comment_status":"closed","ping_status":"closed","template":"","meta":{"footnotes":""},"class_list":["post-5479","page","type-page","status-publish","has-post-thumbnail","hentry"],"_links":{"self":[{"href":"https:\/\/acfhab.be\/index.php?rest_route=\/wp\/v2\/pages\/5479","targetHints":{"allow":["GET"]}}],"collection":[{"href":"https:\/\/acfhab.be\/index.php?rest_route=\/wp\/v2\/pages"}],"about":[{"href":"https:\/\/acfhab.be\/index.php?rest_route=\/wp\/v2\/types\/page"}],"author":[{"embeddable":true,"href":"https:\/\/acfhab.be\/index.php?rest_route=\/wp\/v2\/users\/1"}],"replies":[{"embeddable":true,"href":"https:\/\/acfhab.be\/index.php?rest_route=%2Fwp%2Fv2%2Fcomments&post=5479"}],"version-history":[{"count":53,"href":"https:\/\/acfhab.be\/index.php?rest_route=\/wp\/v2\/pages\/5479\/revisions"}],"predecessor-version":[{"id":6516,"href":"https:\/\/acfhab.be\/index.php?rest_route=\/wp\/v2\/pages\/5479\/revisions\/6516"}],"wp:featuredmedia":[{"embeddable":true,"href":"https:\/\/acfhab.be\/index.php?rest_route=\/wp\/v2\/media\/5938"}],"wp:attachment":[{"href":"https:\/\/acfhab.be\/index.php?rest_route=%2Fwp%2Fv2%2Fmedia&parent=5479"}],"curies":[{"name":"wp","href":"https:\/\/api.w.org\/{rel}","templated":true}]}}