{"id":5236,"date":"2025-04-11T11:06:59","date_gmt":"2025-04-11T09:06:59","guid":{"rendered":"https:\/\/srab.brussels\/acfhab\/?page_id=5236"},"modified":"2026-04-09T17:13:02","modified_gmt":"2026-04-09T15:13:02","slug":"inscription","status":"publish","type":"page","link":"https:\/\/acfhab.be\/?page_id=5236","title":{"rendered":"Inscriptions"},"content":{"rendered":"<p><div class=\"fusion-fullwidth fullwidth-box fusion-builder-row-1 fusion-flex-container has-pattern-background has-mask-background nonhundred-percent-fullwidth non-hundred-percent-height-scrolling\" style=\"--awb-border-radius-top-left:0px;--awb-border-radius-top-right:0px;--awb-border-radius-bottom-right:0px;--awb-border-radius-bottom-left:0px;--awb-flex-wrap:wrap;\" ><div class=\"fusion-builder-row fusion-row fusion-flex-align-items-flex-start fusion-flex-content-wrap\" style=\"max-width:1216.8px;margin-left: calc(-4% \/ 2 );margin-right: calc(-4% \/ 2 );\"><div class=\"fusion-layout-column fusion_builder_column fusion-builder-column-0 fusion_builder_column_1_1 1_1 fusion-flex-column\" style=\"--awb-padding-top:15px;--awb-padding-bottom:0px;--awb-bg-color:#eaf6f2;--awb-bg-color-hover:#eaf6f2;--awb-bg-size:cover;--awb-width-large:100%;--awb-margin-top-large:0px;--awb-spacing-right-large:1.92%;--awb-margin-bottom-large:20px;--awb-spacing-left-large:1.92%;--awb-width-medium:100%;--awb-order-medium:0;--awb-spacing-right-medium:1.92%;--awb-spacing-left-medium:1.92%;--awb-width-small:100%;--awb-order-small:0;--awb-spacing-right-small:1.92%;--awb-spacing-left-small:1.92%;\"><div class=\"fusion-column-wrapper fusion-column-has-shadow fusion-flex-justify-content-flex-start fusion-content-layout-column\"><div class=\"fusion-text fusion-text-1\"><p style=\"text-align: center;\"><strong>MODALIT\u00c9S D\u2019INSCRIPTION<\/strong><\/p>\n<\/div><\/div><\/div><div class=\"fusion-layout-column fusion_builder_column fusion-builder-column-1 fusion_builder_column_1_1 1_1 fusion-flex-column\" style=\"--awb-bg-size:cover;--awb-width-large:100%;--awb-margin-top-large:10px;--awb-spacing-right-large:1.92%;--awb-margin-bottom-large:20px;--awb-spacing-left-large:1.92%;--awb-width-medium:100%;--awb-order-medium:0;--awb-spacing-right-medium:1.92%;--awb-spacing-left-medium:1.92%;--awb-width-small:100%;--awb-order-small:0;--awb-spacing-right-small:1.92%;--awb-spacing-left-small:1.92%;\"><div class=\"fusion-column-wrapper fusion-column-has-shadow fusion-flex-justify-content-flex-start fusion-content-layout-column\"><div class=\"fusion-text fusion-text-2\"><p>Les personnes qui souhaitent <b style=\"color: var(--awb-color4);\">assister ou participer comme orateurs<\/b> au Congr\u00e8s sont invit\u00e9es \u00e0 se faire connaitre d\u00e8s \u00e0 pr\u00e9sent, en remplissant<b style=\"color: var(--awb-color4);\"> le formulaire<\/b> dans la langue de leur choix (FR, NL, D)<span style=\"color: var(--awb-color4);\"><span style=\"color: #1c1c1c;\"> : soit <\/span><\/span>en ligne, soit en le renvoyant par courriel \u00e0 <span style=\"color: var(--awb-color4);\"><b>srab@acfhab.be<\/b><\/span> ou par courrier postal \u00e0<\/p>\n<p align=\"center\"><span style=\"font-size: 15px;\" data-fusion-font=\"true\">Congr\u00e8s de Bruxelles 2026<\/span><br \/>\n<span style=\"font-size: 15px; line-height: 20px; letter-spacing: 0.284px;\" data-fusion-font=\"true\">c\/o Soci\u00e9t\u00e9 Royale d\u2019Arch\u00e9ologie de Bruxelles (SRAB)<br \/>\nUniversit\u00e9 libre de Bruxelles &#8211; C.P. 133\/01<\/span><br \/>\n<span style=\"font-size: 15px; line-height: 20px; letter-spacing: 0.284px;\" data-fusion-font=\"true\">Avenue Franklin Roosevelt 50<\/span><br \/>\n<span style=\"font-size: 15px; line-height: 20px; letter-spacing: 0.284px;\" data-fusion-font=\"true\">B-1050 Bruxelles<\/span><\/p>\n<\/div><\/div><\/div><div class=\"fusion-layout-column fusion_builder_column fusion-builder-column-2 fusion_builder_column_1_2 1_2 fusion-flex-column\" style=\"--awb-bg-size:cover;--awb-width-large:50%;--awb-margin-top-large:0px;--awb-spacing-right-large:3.84%;--awb-margin-bottom-large:20px;--awb-spacing-left-large:3.84%;--awb-width-medium:100%;--awb-order-medium:0;--awb-spacing-right-medium:1.92%;--awb-spacing-left-medium:1.92%;--awb-width-small:100%;--awb-order-small:0;--awb-spacing-right-small:1.92%;--awb-spacing-left-small:1.92%;\"><div class=\"fusion-column-wrapper fusion-column-has-shadow fusion-flex-justify-content-flex-start fusion-content-layout-column\"><div style=\"text-align:center;\"><a class=\"fusion-button button-flat fusion-button-default-size button-default fusion-button-default button-1 fusion-button-default-span fusion-button-default-type\" target=\"_self\" href=\"https:\/\/acfhab.be\/?page_id=5858\"><span class=\"fusion-button-text awb-button__text awb-button__text--default\">Formulaire version en ligne<\/span><\/a><\/div><\/div><\/div><div class=\"fusion-layout-column fusion_builder_column fusion-builder-column-3 fusion_builder_column_1_2 1_2 fusion-flex-column\" style=\"--awb-bg-size:cover;--awb-width-large:50%;--awb-margin-top-large:0px;--awb-spacing-right-large:3.84%;--awb-margin-bottom-large:20px;--awb-spacing-left-large:3.84%;--awb-width-medium:100%;--awb-order-medium:0;--awb-spacing-right-medium:1.92%;--awb-spacing-left-medium:1.92%;--awb-width-small:100%;--awb-order-small:0;--awb-spacing-right-small:1.92%;--awb-spacing-left-small:1.92%;\"><div class=\"fusion-column-wrapper fusion-column-has-shadow fusion-flex-justify-content-flex-start fusion-content-layout-column\"><div style=\"text-align:center;\"><a class=\"fusion-button button-flat fusion-button-default-size button-default fusion-button-default button-2 fusion-button-default-span fusion-button-default-type\" target=\"_blank\" rel=\"noopener noreferrer\" href=\"https:\/\/acfhab.be\/wp-content\/uploads\/2026\/03\/Formulaire-inscription-Congres_Bru2026-1.pdf\"><span class=\"fusion-button-text awb-button__text awb-button__text--default\">Formulaire version \u00e0 t\u00e9l\u00e9charger<\/span><\/a><\/div><\/div><\/div><\/div><\/div><div class=\"fusion-fullwidth fullwidth-box fusion-builder-row-2 fusion-flex-container has-pattern-background has-mask-background nonhundred-percent-fullwidth non-hundred-percent-height-scrolling\" style=\"--awb-border-radius-top-left:0px;--awb-border-radius-top-right:0px;--awb-border-radius-bottom-right:0px;--awb-border-radius-bottom-left:0px;--awb-flex-wrap:wrap;\" ><div class=\"fusion-builder-row fusion-row fusion-flex-align-items-flex-start fusion-flex-content-wrap\" style=\"max-width:1216.8px;margin-left: calc(-4% \/ 2 );margin-right: calc(-4% \/ 2 );\"><div class=\"fusion-layout-column fusion_builder_column fusion-builder-column-4 fusion_builder_column_1_1 1_1 fusion-flex-column\" style=\"--awb-bg-size:cover;--awb-width-large:100%;--awb-margin-top-large:0px;--awb-spacing-right-large:1.92%;--awb-margin-bottom-large:20px;--awb-spacing-left-large:1.92%;--awb-width-medium:100%;--awb-order-medium:0;--awb-spacing-right-medium:1.92%;--awb-spacing-left-medium:1.92%;--awb-width-small:100%;--awb-order-small:0;--awb-spacing-right-small:1.92%;--awb-spacing-left-small:1.92%;\"><div class=\"fusion-column-wrapper fusion-column-has-shadow fusion-flex-justify-content-flex-start fusion-content-layout-column\"><div class=\"fusion-separator fusion-full-width-sep\" style=\"align-self: center;margin-left: auto;margin-right: auto;margin-top:10px;margin-bottom:10px;width:100%;\"><div class=\"fusion-separator-border sep-single sep-solid\" style=\"--awb-height:20px;--awb-amount:20px;--awb-sep-color:var(--awb-color4);border-color:var(--awb-color4);border-top-width:1px;\"><\/div><\/div><\/div><\/div><div class=\"fusion-layout-column fusion_builder_column fusion-builder-column-5 fusion_builder_column_1_1 1_1 fusion-flex-column\" style=\"--awb-bg-size:cover;--awb-width-large:100%;--awb-margin-top-large:0px;--awb-spacing-right-large:1.92%;--awb-margin-bottom-large:20px;--awb-spacing-left-large:1.92%;--awb-width-medium:100%;--awb-order-medium:0;--awb-spacing-right-medium:1.92%;--awb-spacing-left-medium:1.92%;--awb-width-small:100%;--awb-order-small:0;--awb-spacing-right-small:1.92%;--awb-spacing-left-small:1.92%;\"><div class=\"fusion-column-wrapper fusion-column-has-shadow fusion-flex-justify-content-flex-start fusion-content-layout-column\"><div class=\"fusion-text fusion-text-3\"><p>Chaque congressiste recevra, \u00e0 l\u2019ouverture du Congr\u00e8s, le <b style=\"color: var(--awb-color4);\">tome 1 des Actes<\/b> contenant les textes de pr\u00e9sentation g\u00e9n\u00e9rale et les r\u00e9sum\u00e9s de l\u2019ensemble des communications. Une documentation culturelle et touristique relative aux diff\u00e9rentes manifestations du Congr\u00e8s y sera jointe.<\/p>\n<p>Les congressistes auront la possibilit\u00e9 de souscrire aux volumes des Actes qui contiendront les textes des communications pr\u00e9sent\u00e9es. Le montant de la souscription aux Actes ainsi que celui du banquet de cl\u00f4ture du samedi 22 ao\u00fbt seront fix\u00e9s ult\u00e9rieurement.<\/p>\n<\/div><\/div><\/div><div class=\"fusion-layout-column fusion_builder_column fusion-builder-column-6 fusion_builder_column_1_1 1_1 fusion-flex-column fusion-flex-align-self-center\" style=\"--awb-bg-color:#eaf6f2;--awb-bg-color-hover:#eaf6f2;--awb-bg-size:cover;--awb-width-large:100%;--awb-margin-top-large:10px;--awb-spacing-right-large:1.92%;--awb-margin-bottom-large:20px;--awb-spacing-left-large:1.92%;--awb-width-medium:100%;--awb-order-medium:0;--awb-spacing-right-medium:1.92%;--awb-spacing-left-medium:1.92%;--awb-width-small:100%;--awb-order-small:0;--awb-spacing-right-small:1.92%;--awb-spacing-left-small:1.92%;\" data-scroll-devices=\"small-visibility,medium-visibility,large-visibility\"><div class=\"fusion-column-wrapper fusion-column-has-shadow fusion-flex-justify-content-center fusion-content-layout-column\"><div class=\"fusion-text fusion-text-4 fusion-text-no-margin\"><p><b>Tarif et paiement<\/b><\/p>\n<\/div><\/div><\/div><div class=\"fusion-layout-column fusion_builder_column fusion-builder-column-7 fusion_builder_column_1_1 1_1 fusion-flex-column\" style=\"--awb-bg-size:cover;--awb-width-large:100%;--awb-margin-top-large:0px;--awb-spacing-right-large:1.92%;--awb-margin-bottom-large:20px;--awb-spacing-left-large:1.92%;--awb-width-medium:100%;--awb-order-medium:0;--awb-spacing-right-medium:1.92%;--awb-spacing-left-medium:1.92%;--awb-width-small:100%;--awb-order-small:0;--awb-spacing-right-small:1.92%;--awb-spacing-left-small:1.92%;\"><div class=\"fusion-column-wrapper fusion-column-has-shadow fusion-flex-justify-content-flex-start fusion-content-layout-column\"><div class=\"fusion-text fusion-text-5\" style=\"--awb-margin-top:20px;\"><p><strong>Le droit d&#8217;inscription<\/strong> s&#8217;applique \u00e0 tous les congressistes, y compris les organisateurs et les communicants.<\/p>\n<ul>\n<li>60 \u20ac tarif plein ;<\/li>\n<li>30 \u20ac tarif \u00e9tudiant ;<\/li>\n<li>30 \u20ac demandeur d\u2019emploi.<\/li>\n<\/ul>\n<p>Le prix inclut <strong>la gratuit\u00e9 des boissons<\/strong> lors des pauses et <strong>le tome I des Actes du congr\u00e8s<\/strong> contenant les textes de pr\u00e9sentation g\u00e9n\u00e9rale et les r\u00e9sum\u00e9s de l\u2019ensemble des communications.<br \/>\nLa petite restauration sur place et les sorties culturelles sont \u00e0 charge des participants.<br \/>\nLes avantages du Museumpas\/Pass Mus\u00e9es ou de tout autre abonnement ne sont pas cumulables aux offres tarifaires fix\u00e9es ou obtenues par l&#8217;organisateur dans le cadre du congr\u00e8s.<\/p>\n<p>Paiement par virement sur le compte bancaire de la SRAB, IBAN BE24 0000 0265 1938 &#8211; BIC GEBABEBB avec, dans la communication la mention : \u00ab Congr\u00e8s 2026 + Nom \u00bb.<br \/>\nUne facture est \u00e9tablie sur demande, \u00e0 adresser \u00e0 srab@acfhab.be<\/p>\n<\/div><\/div><\/div><div class=\"fusion-layout-column fusion_builder_column fusion-builder-column-8 fusion_builder_column_1_1 1_1 fusion-flex-column\" style=\"--awb-padding-top:15px;--awb-padding-bottom:0px;--awb-bg-color:#eaf6f2;--awb-bg-color-hover:#eaf6f2;--awb-bg-size:cover;--awb-width-large:100%;--awb-margin-top-large:20px;--awb-spacing-right-large:1.92%;--awb-margin-bottom-large:20px;--awb-spacing-left-large:1.92%;--awb-width-medium:100%;--awb-order-medium:0;--awb-spacing-right-medium:1.92%;--awb-spacing-left-medium:1.92%;--awb-width-small:100%;--awb-order-small:0;--awb-spacing-right-small:1.92%;--awb-spacing-left-small:1.92%;\" data-scroll-devices=\"small-visibility,medium-visibility,large-visibility\"><div class=\"fusion-column-wrapper fusion-column-has-shadow fusion-flex-justify-content-flex-start fusion-content-layout-column\"><div class=\"fusion-text fusion-text-6\"><p style=\"text-align: center;\"><strong>MODALIT\u00c9S DE SOUMISSION DE COMMUNICATIONS<\/strong><\/p>\n<\/div><\/div><\/div><div class=\"fusion-layout-column fusion_builder_column fusion-builder-column-9 fusion_builder_column_1_1 1_1 fusion-flex-column\" style=\"--awb-bg-size:cover;--awb-width-large:100%;--awb-margin-top-large:20px;--awb-spacing-right-large:1.92%;--awb-margin-bottom-large:50px;--awb-spacing-left-large:1.92%;--awb-width-medium:100%;--awb-order-medium:0;--awb-spacing-right-medium:1.92%;--awb-spacing-left-medium:1.92%;--awb-width-small:100%;--awb-order-small:0;--awb-spacing-right-small:1.92%;--awb-spacing-left-small:1.92%;\" data-scroll-devices=\"small-visibility,medium-visibility,large-visibility\"><div class=\"fusion-column-wrapper fusion-column-has-shadow fusion-flex-justify-content-flex-start fusion-content-layout-column\"><div class=\"fusion-text fusion-text-7\"><p>Les congressistes d\u00e9sireux de pr\u00e9senter une ou plusieurs communications sont invit\u00e9s \u00e0 en aviser l\u2019organisateur en renvoyant <b style=\"color: var(--awb-color4);\">le formulaire <\/b>accompagn\u00e9 <b style=\"color: var(--awb-color4);\">d\u2019un r\u00e9sum\u00e9 de leur intervention en Word <\/b>(de 15 \u00e0 20 lignes)<b style=\"color: var(--awb-color4);\"> avant le 15 avril 2026<\/b>. Tout engagement non confirm\u00e9 \u00e0 cette date par l\u2019envoi d\u2019un r\u00e9sum\u00e9, ne sera pas pris en compte.<br \/>\nLes travaux de chaque section sont organis\u00e9s par un bureau compos\u00e9 d\u2019un pr\u00e9sident, d\u2019un ou deux vice-pr\u00e9sident(s) et d\u2019un secr\u00e9taire. Toute pr\u00e9cision d\u2019ordre scientifique pourra \u00eatre obtenue aupr\u00e8s des <b><a href=\"https:\/\/acfhab.be\/?page_id=5284\"><span style=\"color: var(--awb-color4);\"><u>responsables des sections<\/u><\/span><\/a><\/b>. Ils \u00e9tabliront le programme sous la supervision du Comit\u00e9 scientifique qu&#8217;ils rendront au plus tard <strong><span style=\"color: var(--awb-color4);\">le vendredi 15 ma<\/span><span style=\"color: var(--awb-color4);\">i 2026<\/span><\/strong><span style=\"color: var(--awb-color4);\">.<\/span><\/p>\n<p>Les communications auront une dur\u00e9e de maximum 20 minutes et seront suivies de dix minutes de discussion. Le choix de la langue est libre (fran\u00e7ais, n\u00e9erlandais, allemand). Cependant, nous souhaitons souligner que tout (ou presque) se d\u00e9roulera en fran\u00e7ais, la langue officielle du Congr\u00e8s, et que le public sera, dans sa grande majorit\u00e9, francophone.<\/p>\n<\/div><div class=\"fusion-separator fusion-full-width-sep\" style=\"align-self: center;margin-left: auto;margin-right: auto;margin-top:20px;margin-bottom:\u00c90;width:100%;\"><div class=\"fusion-separator-border sep-single sep-solid\" style=\"--awb-height:20px;--awb-amount:20px;--awb-sep-color:var(--awb-color4);border-color:var(--awb-color4);border-top-width:1px;\"><\/div><\/div><div class=\"fusion-text fusion-text-8\"><p><b><span style=\"font-size: 17px; color: var(--awb-color4);\" data-fusion-font=\"true\">CONSIGNES DE R\u00c9DACTION DU R\u00c9<\/span><\/b><b><span style=\"font-size: 17px; color: var(--awb-color4);\" data-fusion-font=\"true\">SUM\u00c9<\/span><\/b><b><span style=\"font-size: 17px; color: var(--awb-color4);\" data-fusion-font=\"true\"> DESTIN\u00c9 \u00c0 \u00caTRE PUBLI\u00c9 DANS LE TOME I DES ACTES :<\/span><\/b><\/p>\n<ul>\n<li>15 \u00e0 20 lignes ;<\/li>\n<li>Sans notes de bas de page, ni bibliographie.<\/li>\n<\/ul>\n<p>La publication du r\u00e9sum\u00e9 peut s&#8217;accompagner d&#8217;une illustration, si, et seulement si, celle-ci est n\u00e9cessaire \u00e0 la compr\u00e9hension du texte. Elle est fournie par l&#8217;orateur au format jpg et en Haute D\u00e9finition, avec les r\u00e9f\u00e9rences de l&#8217;\u0153uvre, respectant les mentions obligatoires et les droits d&#8217;\u00e9dition \u00e9ventuels.<\/p>\n<\/div><\/div><\/div><div class=\"fusion-layout-column fusion_builder_column fusion-builder-column-10 fusion_builder_column_1_1 1_1 fusion-flex-column fusion-flex-align-self-center\" style=\"--awb-bg-color:#eaf6f2;--awb-bg-color-hover:#eaf6f2;--awb-bg-size:cover;--awb-width-large:100%;--awb-margin-top-large:0px;--awb-spacing-right-large:1.92%;--awb-margin-bottom-large:20px;--awb-spacing-left-large:1.92%;--awb-width-medium:100%;--awb-order-medium:0;--awb-spacing-right-medium:1.92%;--awb-spacing-left-medium:1.92%;--awb-width-small:100%;--awb-order-small:0;--awb-spacing-right-small:1.92%;--awb-spacing-left-small:1.92%;\"><div class=\"fusion-column-wrapper fusion-column-has-shadow fusion-flex-justify-content-center fusion-content-layout-column\"><div class=\"fusion-text fusion-text-9 fusion-text-no-margin\"><p><b>Sorties culturelles \/ manifestations<\/b><\/p>\n<\/div><\/div><\/div><div class=\"fusion-layout-column fusion_builder_column fusion-builder-column-11 fusion_builder_column_1_1 1_1 fusion-flex-column\" style=\"--awb-bg-size:cover;--awb-width-large:100%;--awb-margin-top-large:0px;--awb-spacing-right-large:1.92%;--awb-margin-bottom-large:20px;--awb-spacing-left-large:1.92%;--awb-width-medium:100%;--awb-order-medium:0;--awb-spacing-right-medium:1.92%;--awb-spacing-left-medium:1.92%;--awb-width-small:100%;--awb-order-small:0;--awb-spacing-right-small:1.92%;--awb-spacing-left-small:1.92%;\"><div class=\"fusion-column-wrapper fusion-column-has-shadow fusion-flex-justify-content-flex-start fusion-content-layout-column\"><div class=\"fusion-text fusion-text-10\"><p>Les sorties culturelles (visites et excursions) payantes et\/ou gratuites se d\u00e9rouleront \u00e0 Bruxelles. Le programme sera communiqu\u00e9 vers la fin mai. Les formulaires d&#8217;inscription seront disponibles via les circulaires et le site internet.<\/p>\n<\/div><\/div><\/div><div class=\"fusion-layout-column fusion_builder_column fusion-builder-column-12 fusion_builder_column_1_1 1_1 fusion-flex-column fusion-flex-align-self-center\" style=\"--awb-bg-color:#eaf6f2;--awb-bg-color-hover:#eaf6f2;--awb-bg-size:cover;--awb-width-large:100%;--awb-margin-top-large:0px;--awb-spacing-right-large:1.92%;--awb-margin-bottom-large:20px;--awb-spacing-left-large:1.92%;--awb-width-medium:100%;--awb-order-medium:0;--awb-spacing-right-medium:1.92%;--awb-spacing-left-medium:1.92%;--awb-width-small:100%;--awb-order-small:0;--awb-spacing-right-small:1.92%;--awb-spacing-left-small:1.92%;\"><div class=\"fusion-column-wrapper fusion-column-has-shadow fusion-flex-justify-content-center fusion-content-layout-column\"><div class=\"fusion-text fusion-text-11 fusion-text-no-margin\"><p><b>Plus de renseignements&#8230;<\/b><\/p>\n<\/div><\/div><\/div><div class=\"fusion-layout-column fusion_builder_column fusion-builder-column-13 fusion_builder_column_1_1 1_1 fusion-flex-column\" style=\"--awb-bg-size:cover;--awb-width-large:100%;--awb-margin-top-large:0px;--awb-spacing-right-large:1.92%;--awb-margin-bottom-large:20px;--awb-spacing-left-large:1.92%;--awb-width-medium:100%;--awb-order-medium:0;--awb-spacing-right-medium:1.92%;--awb-spacing-left-medium:1.92%;--awb-width-small:100%;--awb-order-small:0;--awb-spacing-right-small:1.92%;--awb-spacing-left-small:1.92%;\"><div class=\"fusion-column-wrapper fusion-column-has-shadow fusion-flex-justify-content-flex-start fusion-content-layout-column\"><div class=\"fusion-text fusion-text-12\"><p>Les demandes d\u2019int\u00e9r\u00eat g\u00e9n\u00e9ral sont \u00e0 adresser \u00e0 la coordinatrice du Congr\u00e8s (SRAB), Fran\u00e7oise Vigot <span style=\"color: var(--awb-color8);\">: <\/span><span style=\"color: var(--awb-color8);\">srab@acfhab.be<\/span>.<\/p>\n<p>Les renseignements relatifs au logement, \u00e0 la restauration, etc., seront disponibles sur demande.<\/p>\n<\/div><\/div><\/div><\/div><\/div><\/p>\n","protected":false},"excerpt":{"rendered":"","protected":false},"author":1,"featured_media":5981,"parent":0,"menu_order":0,"comment_status":"closed","ping_status":"closed","template":"","meta":{"footnotes":""},"class_list":["post-5236","page","type-page","status-publish","has-post-thumbnail","hentry"],"_links":{"self":[{"href":"https:\/\/acfhab.be\/index.php?rest_route=\/wp\/v2\/pages\/5236","targetHints":{"allow":["GET"]}}],"collection":[{"href":"https:\/\/acfhab.be\/index.php?rest_route=\/wp\/v2\/pages"}],"about":[{"href":"https:\/\/acfhab.be\/index.php?rest_route=\/wp\/v2\/types\/page"}],"author":[{"embeddable":true,"href":"https:\/\/acfhab.be\/index.php?rest_route=\/wp\/v2\/users\/1"}],"replies":[{"embeddable":true,"href":"https:\/\/acfhab.be\/index.php?rest_route=%2Fwp%2Fv2%2Fcomments&post=5236"}],"version-history":[{"count":162,"href":"https:\/\/acfhab.be\/index.php?rest_route=\/wp\/v2\/pages\/5236\/revisions"}],"predecessor-version":[{"id":6518,"href":"https:\/\/acfhab.be\/index.php?rest_route=\/wp\/v2\/pages\/5236\/revisions\/6518"}],"wp:featuredmedia":[{"embeddable":true,"href":"https:\/\/acfhab.be\/index.php?rest_route=\/wp\/v2\/media\/5981"}],"wp:attachment":[{"href":"https:\/\/acfhab.be\/index.php?rest_route=%2Fwp%2Fv2%2Fmedia&parent=5236"}],"curies":[{"name":"wp","href":"https:\/\/api.w.org\/{rel}","templated":true}]}}